29*c + 2176. What is k(70)?
6
Let h(i) = i**3 - 19*i**2 + 796*i - 13288. Determine h(18).
716
Let x(y) = -1063*y + 363756. Give x(342).
210
Let p(o) = 282*o**2 + 4151*o - 1186. Calculate p(-15).
-1
Let h(d) = d**3 - 15*d**2 - 178*d + 2535. Calculate h(15).
-135
Let j(t) = -337*t**2 + 4702*t + 198. Calculate j(14).
-26
Let j(r) = 46*r**2 - 470*r + 114. Determine j(10).
14
Let q(c) = -10*c**2 - 233*c - 1105. Give q(-5).
-190
Let n(a) = a**2 + 108*a - 37026. Calculate n(145).
-341
Let v(b) = -b**3 + 145*b**2 - 2710*b + 495. Determine v(123).
3
Let r(z) = -467*z**2 + 209215*z + 594. What is r(448)?
146
Let k(v) = 2*v**3 - 107*v**2 + 22*v + 2062. What is k(53)?
419
Let a(g) = -2*g**3 - 94*g**2 - 6719*g - 304878. Calculate a(-46).
-36
Let p(o) = -25*o**2 - 54*o + 18. Determine p(-8).
-1150
Let r(a) = -221*a**2 + 16361*a - 508. Give r(74).
10
Let o(d) = 2*d**3 - 17*d**2 + 57*d + 31. Determine o(9).
625
Let n(z) = 1129*z + 9232. What is n(-8)?
200
Let k(t) = -t**2 - 1649*t - 69070. What is k(-43)?
-12
Let k(q) = 5*q**3 - 298*q**2 + 198*q - 143. Determine k(59).
1096
Let n(w) = -6327*w + 259407. Determine n(41).
0
Let a(s) = -4*s**2 + 31*s - 255. Give a(16).
-783
Let r(q) = -1338*q - 10814. Calculate r(-8).
-110
Let o(c) = -19*c**2 + 265*c - 1678. Determine o(6).
-772
Let f(j) = j**2 - 87*j + 280. Give f(12).
-620
Let s(m) = -m**2 - 2919*m + 227155. What is s(76)?
-465
Let f(m) = -6*m**3 + 7*m**2 + 164*m + 143. What is f(-1)?
-8
Let v(z) = -28588*z - 657528. Determine v(-23).
-4
Let b(l) = -609*l**2 - 233*l + 50. Calculate b(-3).
-4732
Let w(h) = 2624852*h - 5249697. Calculate w(2).
7
Let p(x) = 173*x**3 - x**2 - 12*x - 31. What is p(-2)?
-1395
Let p(k) = 43*k**3 + 3144*k**2 - 2812*k - 36. What is p(-74)?
-36
Let h(o) = -o**2 - 14707*o + 206095. What is h(14)?
1
Let d(a) = 11027*a + 11073. What is d(-1)?
46
Let x(f) = 3*f**3 - 56*f**2 + 4*f + 110. Give x(19).
547
Let v(s) = -2*s**3 + 88*s**2 - 24*s + 201. Calculate v(44).
-855
Let f(d) = 7*d**3 - 55*d**2 - 51*d + 65. Calculate f(8).
-279
Let y(c) = 2*c**3 + 9265*c**2 + 64757*c - 2. Give y(-7).
-2
Let n(s) = -2*s**3 + 92*s**2 - 968*s - 99. Determine n(29).
423
Let v(f) = -f**3 + 4*f**2 - 55633*f - 166919. Give v(-3).
43
Let r(o) = 3*o**3 + 120*o**2 + 538*o - 14301. What is r(-22)?
-1
Let i(b) = 2779*b + 16683. Give i(-6).
9
Let m(q) = 152*q**2 + 119171*q + 2347. What is m(-784)?
-5
Let h(f) = -41*f**3 - 2545*f**2 - 189*f - 77. Calculate h(-62).
109
Let x(g) = 4*g**2 - 433*g + 10806. What is x(39)?
3
Let q(m) = -131*m + 4934. Calculate q(49).
-1485
Let y(u) = 13*u**2 + 125*u - 685. Determine y(-19).
1633
Let s(h) = h**3 + 1573*h**2 + 480575*h + 5802. Calculate s(-1158).
12
Let t(c) = 23*c**3 + 8*c**2 + 302*c + 570. What is t(-2)?
-186
Let c(g) = 212*g**2 + 3273*g + 6730. Calculate c(-13).
9
Let l(p) = 152196*p + 456589. Determine l(-3).
1
Let x(i) = 98*i**2 - 978*i + 2041. Give x(3).
-11
Let c(b) = -b**3 + 4*b**2 + 24*b + 297. What is c(9)?
108
Let l(s) = -5*s**3 + 15*s**2 + 7*s - 22. Calculate l(1).
-5
Let k(h) = -794*h + 38934. Calculate k(49).
28
Let v(t) = -t**3 - 27*t**2 + 84*t - 2086. Give v(-33).
1676
Let u(t) = 2*t**3 + 1356*t**2 + 61640*t - 1011. What is u(-629)?
247
Let x(d) = -d**3 - 152*d**2 - 2542*d - 1870. Calculate x(-133).
125
Let i(y) = -32*y**2 + 2420*y + 7255. Calculate i(-3).
-293
Let g(r) = 145*r**2 + 24209*r - 992. Determine g(-167).
10
Let y(j) = -j**3 + 60*j**2 - 225*j + 21615. Calculate y(62).
-23
Let b(g) = 671*g - 9717. Give b(15).
348
Let w(n) = 68*n**2 - 10557*n + 13146. Calculate w(154).
56
Let b(r) = -972*r + 436421. Determine b(449).
-7
Let g(t) = t - 5444. Determine g(23).
-5421
Let a(l) = -l**3 + 118*l**2 + 2617*l - 46666. What is a(12)?
2
Let a(i) = 2087*i**3 - 56350*i**2 + 38*i - 298. What is a(27)?
-1
Let b(h) = -h**3 + 55*h**2 - 203*h + 4768. Calculate b(53).
-373
Let z(w) = -5*w**2 - 20784*w + 4061448. Give z(187).
-5
Let z(p) = 6*p**3 + 101*p**2 + 75*p - 151. Give z(-15).
1199
Let z(p) = -2*p**3 + 28*p + 125. Give z(7).
-365
Let w(j) = -4*j**2 - 886*j - 16865. Determine w(-19).
-1475
Let s(r) = -1595*r + 28672. What is s(18)?
-38
Let x(v) = -8*v**2 - 89*v + 14. Determine x(-6).
260
Let i(b) = b**2 - 80*b - 4234. What is i(114)?
-358
Let t(k) = 2654*k - 19355. Calculate t(6).
-3431
Let i(f) = -33*f**2 + 263*f - 776. Determine i(3).
-284
Let k(z) = -6857*z + 864026. Determine k(126).
44
Let u(p) = p**3 + 45*p**2 + 436*p + 45. Give u(-32).
-595
Let z(g) = 1221*g - 15966. Determine z(13).
-93
Let m(s) = 4*s**3 - 16*s**2 + 196*s - 38. What is m(0)?
-38
Let q(o) = o**2 - 1228*o + 288209. Calculate q(912).
17
Let a(q) = 159*q + 61532. Determine a(-387).
-1
Let b(i) = -i**3 + 21*i**2 + 256*i - 124. Give b(-9).
2
Let k(f) = 24622*f - 17. Determine k(0).
-17
Let n(m) = 3199*m + 2204282. What is n(-689)?
171
Let k(v) = -7*v**2 + 1588*v - 23618. Determine k(16).
-2
Let j(d) = -1146*d - 302. Give j(-1).
844
Let y(x) = -600437*x + 9006549. Calculate y(15).
-6
Let u(k) = -36031*k - 324286. What is u(-9)?
-7
Let b(f) = 3*f**2 + 270*f + 6033. Give b(-42).
-15
Let q(y) = y**2 - 849*y + 74502. Determine q(99).
252
Let k(y) = 5*y**2 - 11*y - 300372. Determine k(-244).
-8
Let l(z) = 47915*z + 95837. Give l(-2).
7
Let p(i) = 6404*i + 76990. Determine p(-12).
142
Let d(v) = -v**3 - 59*v**2 - 446*v - 342. Determine d(-49).
-2498
Let r(n) = -2*n**2 - 1676*n - 6666. Calculate r(-4).
6
Let o(g) = g**3 + 800*g**2 - 2*g - 320. What is o(0)?
-320
Let w(o) = -o**2 - 56440*o - 507885. Calculate w(-9).
-6
Let t(s) = 4*s**2 - 576*s - 2368. Give t(148).
0
Let h(o) = 12917*o - 38849. Calculate h(3).
-98
Let j(o) = -19*o**2 + 3803*o - 22713. Determine j(194).
-15
Let k(a) = -10*a**2 + 733*a - 14057. Give k(20).
-3397
Let p(v) = 3*v**2 - 729*v - 32942. Determine p(282).
52
Let v(m) = 7*m**2 - 2035*m + 129943. Determine v(196).
-5
Let o(z) = 113*z + 34868. Determine o(-308).
64
Let m(g) = -4*g**2 - 14424*g - 72014. Give m(-5).
6
Let f(v) = -13506*v - 27035. What is f(-2)?
-23
Let z(c) = c**2 - 37751*c + 1131633. Calculate z(30).
3
Let m(q) = -5*q**2 - 2794*q + 50707. Determine m(18).
-1205
Let d(y) = y**2 - 3060*y + 400452. What is d(137)?
1
Let k(c) = -56*c**2 - 250*c + 1208. What is k(5)?
-1442
Let y(i) = 1074855*i + 13973111. Calculate y(-13).
-4
Let u(y) = 62049*y - 3660917. Determine u(59).
-26
Let r(a) = 4333*a + 12585. Determine r(-3).
-414
Let o(p) = -10*p**2 - 111*p + 995. What is o(6)?
-31
Let c(q) = 564*q + 5197. Give c(-10).
-443
Let m(p) = -159*p**2 - 6944*p - 4617. Determine m(-43).
-16
Let t(s) = 12*s**3 + 54*s**2 - 208*s - 604. What is t(-3)?
182
Let s(f) = 100*f**2 + 40*f - 354. Determine s(2).
126
Let n(c) = -c**2 + 21*c + 2. Determine n(5).
82
Let p(y) = -753*y - 164139. Give p(-218).
15
Let s(u) = 46*u**2 - 311*u - 1580. Determine s(-5).
1125
Let m(i) = -7961*i**2 - 151208*i + 37. Determine m(-19).
-932
Let r(g) = 839*g + 66446. Calculate r(-79).
165
Let l(r) = r**2 - 71*r - 858. Give l(82).
44
Let v(y) = 14*y**2 + 99*y - 23. Determine v(-7).
-30
Let j(n) = n**3 - 10*n**2 + 150*n - 2152. Give j(12).
-64
Let h(p) = -202*p + 14518. Determine h(72).
-26
Let r(q) = 58868*q + 9418886. Give r(-160).
6
Let o(i) = -72*i**2 + 1508*i - 1365. Give o(20).
-5
Let h(p) = -p**3 + 1027*p**2 + 42598*p - 3283. Determine h(-40).
-3
Let f(c) = 1027820*c + 5139103. Determine f(-5).
3
Let q(b) = -b**3 - 12*b**2 + 443*b + 5735. Calculate q(-14).
-75
Let t(y) = -96*y**2 - 2501*y + 434. Determine t(-27).
-2023
Let w(k) = 4*k**2 - 15*k - 32. Calculate w(9).
157
Let g(y) = -y**2 + 183*y - 8. Calculate g(187).
-756
Let p(k) = 2047*k**2 - 20433*k - 365. Determine p(10).
5
Let f(p) = -99301*p - 1787406. Determine f(-18).
12
Let a(s) = 479*s**2 + 1520*s + 273. Calculate a(-3).
24
Let v(c) = -258*c - 22167. Give v(-85).
-237
Let x(j) = 19*j**3 - 18*j**2 + 215*j - 197. Calculate x(1).
19
Let r(o) = 3*o**3 + 58*o**2 - 15*o - 648. Give r(-19).
-2
Let l(u) = -u**3 + 6072*u**2 - 253260*u + 8. Determine l(42).
8
Let o(k) = -k**2 + 68*k + 200450. Calculate o(483).
5
Let k(p) = 46*p - 1789. Give k(-51).
-4135
Let k(b) = 57*b**2 + 807*b + 747. Determine k(-13).
-111
Let x(v) = -v**3 - 24*v**2 - 208*v - 903. Determine x(-15).
192
Let v(j) = -9641*j + 77165. Calculate v(8).
37
Let b(s) = -s**3 + 64*s**2 - 756*s - 185. Wh